{"id":62,"date":"2024-07-17T14:37:32","date_gmt":"2024-07-17T12:37:32","guid":{"rendered":"https:\/\/www.christian-casari.com\/happyday\/?page_id=62"},"modified":"2024-07-18T12:02:04","modified_gmt":"2024-07-18T10:02:04","slug":"accueil","status":"publish","type":"page","link":"https:\/\/www.christian-casari.com\/happyday\/","title":{"rendered":"Accueil"},"content":{"rendered":"\n<p><\/p>\n\n\n\n<div class=\"wp-block-uagb-container uagb-block-494c42c4 alignfull uagb-is-root-container\"><div class=\"uagb-container-inner-blocks-wrap\">\n<p class=\"has-text-align-center has-white-color has-text-color has-link-color has-x-large-font-size wp-elements-be75a0c693b94e05539f129f3c2f151f\">Nous organisons le plus beau jour de votre vie<\/p>\n<\/div><\/div>\n\n\n\n<div class=\"wp-block-uagb-container uagb-layout-grid uagb-block-0186287e alignfull uagb-is-root-container\"><div class=\"uagb-container-inner-blocks-wrap\">\n<div class=\"wp-block-uagb-image aligncenter uagb-block-37933192 wp-block-uagb-image--layout-default wp-block-uagb-image--effect-static wp-block-uagb-image--align-center\"><figure class=\"wp-block-uagb-image__figure\"><img decoding=\"async\" srcset=\"https:\/\/www.christian-casari.com\/happyday\/wp-content\/uploads\/2024\/07\/anneaux_mariage.jpg ,https:\/\/www.christian-casari.com\/happyday\/wp-content\/uploads\/2024\/07\/anneaux_mariage.jpg 780w, https:\/\/www.christian-casari.com\/happyday\/wp-content\/uploads\/2024\/07\/anneaux_mariage.jpg 360w\" sizes=\"auto, (max-width: 480px) 150px\" src=\"https:\/\/www.christian-casari.com\/happyday\/wp-content\/uploads\/2024\/07\/anneaux_mariage.jpg\" alt=\"\" class=\"uag-image-17\" width=\"1280\" height=\"800\" title=\"anneaux_mariage\" loading=\"lazy\" role=\"img\"\/><\/figure><\/div>\n\n\n\n<div class=\"wp-block-uagb-container uagb-block-30ec885e\">\n<div class=\"wp-block-uagb-container uagb-block-0f1fa1f9\">\n<div class=\"wp-block-uagb-advanced-heading uagb-block-cc7abc12\"><h2 class=\"uagb-heading-text\"><a href=\"https:\/\/www.christian-casari.com\/happyday\/a-propos-de-happyday\/\" data-type=\"page\" data-id=\"23\">A propos  de HAPPYDAY&#8230;<\/a><\/h2><\/div>\n\n\n\n<p>HAPPYDAY a \u00e9t\u00e9 fond\u00e9e en 2008 par Mme Jos\u00e9phine LEGRAND et son \u00e9poux Alexandre. De cultures diff\u00e9rentes, jeunes actifs avec un petit budget, ils avaient peu de temps pour organiser leur mariage&#8230;<\/p>\n<\/div>\n<\/div>\n<\/div><\/div>\n\n\n\n<div class=\"wp-block-uagb-container uagb-block-4fc9bb8a default uagb-is-root-container\">\n<div class=\"wp-block-uagb-container uagb-block-6d931fd5\">\n<p class=\"has-text-align-center has-x-large-font-size\"><strong>Nous organisons&#8230;<\/strong><\/p>\n<\/div>\n\n\n\n<div class=\"wp-block-uagb-container uagb-block-660fa813 alignfull uagb-is-root-container\"><div class=\"uagb-container-inner-blocks-wrap\">\n<div class=\"wp-block-uagb-container uagb-block-5307e3a8 alignfull uagb-is-root-container\"><div class=\"uagb-container-inner-blocks-wrap\">\n<div class=\"wp-block-uagb-image uagb-block-da9450d2 wp-block-uagb-image--layout-default wp-block-uagb-image--effect-static wp-block-uagb-image--align-none\"><figure class=\"wp-block-uagb-image__figure\"><img decoding=\"async\" srcset=\"https:\/\/www.christian-casari.com\/happyday\/wp-content\/uploads\/2024\/07\/mariage-alliances-1024x683.jpg ,https:\/\/www.christian-casari.com\/happyday\/wp-content\/uploads\/2024\/07\/mariage-alliances.jpg 780w, https:\/\/www.christian-casari.com\/happyday\/wp-content\/uploads\/2024\/07\/mariage-alliances.jpg 360w\" sizes=\"auto, (max-width: 480px) 150px\" src=\"https:\/\/www.christian-casari.com\/happyday\/wp-content\/uploads\/2024\/07\/mariage-alliances-1024x683.jpg\" alt=\"\" class=\"uag-image-75\" width=\"300\" height=\"683\" title=\"mariage-alliances\" loading=\"lazy\" role=\"img\"\/><\/figure><\/div>\n\n\n\n<div class=\"wp-block-uagb-info-box uagb-block-77754a0c uagb-infobox__content-wrap  uagb-infobox-icon-above-title uagb-infobox-image-valign-top\"><div class=\"uagb-ifb-content\"><div class=\"uagb-ifb-title-wrap\"><h2 class=\"uagb-ifb-title\"><a href=\"https:\/\/www.christian-casari.com\/happyday\/organisation-mariage\/\" data-type=\"page\" data-id=\"97\">VOTRE MARIAGE<\/a><\/h2><\/div><p class=\"uagb-ifb-desc\">Le mariage de vos r\u00eaves, 100% personnalis\u00e9 \u00e0 vos envies et \u00e0 votre budget.<\/p><\/div><\/div>\n<\/div><\/div>\n\n\n\n<div class=\"wp-block-uagb-container uagb-block-1368fd84\">\n<div class=\"wp-block-uagb-image uagb-block-7683fbe3 wp-block-uagb-image--layout-default wp-block-uagb-image--effect-static wp-block-uagb-image--align-none\"><figure class=\"wp-block-uagb-image__figure\"><img decoding=\"async\" srcset=\"https:\/\/www.christian-casari.com\/happyday\/wp-content\/uploads\/2024\/07\/anniversaire-mariage-2-1024x683.jpg ,https:\/\/www.christian-casari.com\/happyday\/wp-content\/uploads\/2024\/07\/anniversaire-mariage-2.jpg 780w, https:\/\/www.christian-casari.com\/happyday\/wp-content\/uploads\/2024\/07\/anniversaire-mariage-2.jpg 360w\" sizes=\"auto, (max-width: 480px) 150px\" src=\"https:\/\/www.christian-casari.com\/happyday\/wp-content\/uploads\/2024\/07\/anniversaire-mariage-2-1024x683.jpg\" alt=\"\" class=\"uag-image-78\" width=\"300\" height=\"683\" title=\"anniversaire-mariage (2)\" loading=\"lazy\" role=\"img\"\/><\/figure><\/div>\n\n\n\n<div class=\"wp-block-uagb-info-box uagb-block-784f1e03 uagb-infobox__content-wrap  uagb-infobox-icon-above-title uagb-infobox-image-valign-top\"><div class=\"uagb-ifb-content\"><div class=\"uagb-ifb-title-wrap\"><h2 class=\"uagb-ifb-title\"><a href=\"https:\/\/www.christian-casari.com\/happyday\/anniversaire-mariage\/\" data-type=\"page\" data-id=\"99\">VOTRE ANNIVERSAIRE DE MARIAGE<\/a><\/h2><\/div><p class=\"uagb-ifb-desc\">Entretenez la flamme ! Nous vous proposons pleins d&rsquo;id\u00e9es de soir\u00e9es ou de weekends en amoureux.<\/p><\/div><\/div>\n<\/div>\n<\/div><\/div>\n\n\n\n<div class=\"wp-block-uagb-container uagb-block-31ab41d9 alignfull uagb-is-root-container\"><div class=\"uagb-container-inner-blocks-wrap\">\n<div class=\"wp-block-uagb-container uagb-block-8f34f75c alignfull uagb-is-root-container\"><div class=\"uagb-container-inner-blocks-wrap\">\n<div class=\"wp-block-uagb-image uagb-block-84c22e81 wp-block-uagb-image--layout-default wp-block-uagb-image--effect-static wp-block-uagb-image--align-none\"><figure class=\"wp-block-uagb-image__figure\"><img decoding=\"async\" srcset=\"https:\/\/www.christian-casari.com\/happyday\/wp-content\/uploads\/2024\/07\/enterrement-vie-jeune-fille-1024x683.jpg ,https:\/\/www.christian-casari.com\/happyday\/wp-content\/uploads\/2024\/07\/enterrement-vie-jeune-fille.jpg 780w, https:\/\/www.christian-casari.com\/happyday\/wp-content\/uploads\/2024\/07\/enterrement-vie-jeune-fille.jpg 360w\" sizes=\"auto, (max-width: 480px) 150px\" src=\"https:\/\/www.christian-casari.com\/happyday\/wp-content\/uploads\/2024\/07\/enterrement-vie-jeune-fille-1024x683.jpg\" alt=\"\" class=\"uag-image-76\" width=\"300\" height=\"683\" title=\"enterrement-vie-jeune-fille\" loading=\"lazy\" role=\"img\"\/><\/figure><\/div>\n\n\n\n<div class=\"wp-block-uagb-info-box uagb-block-1c95ac13 uagb-infobox__content-wrap  uagb-infobox-icon-above-title uagb-infobox-image-valign-top\"><div class=\"uagb-ifb-content\"><div class=\"uagb-ifb-title-wrap\"><h2 class=\"uagb-ifb-title\"><a href=\"https:\/\/www.christian-casari.com\/happyday\/enterrement-vie-jeune-fille-garcon\/\" data-type=\"page\" data-id=\"33\">VOTRE ENTERREMENT DE VIE DE JEUNE FILLE OU DE GARCON<\/a><\/h2><\/div><p class=\"uagb-ifb-desc\">Immortalisez vos derniers jours de c\u00e9libats avec vos amies !<\/p><\/div><\/div>\n<\/div><\/div>\n\n\n\n<div class=\"wp-block-uagb-container uagb-block-7b4cd314\">\n<div class=\"wp-block-uagb-image uagb-block-cae354d2 wp-block-uagb-image--layout-default wp-block-uagb-image--effect-static wp-block-uagb-image--align-none\"><figure class=\"wp-block-uagb-image__figure\"><img decoding=\"async\" srcset=\"https:\/\/www.christian-casari.com\/happyday\/wp-content\/uploads\/2024\/07\/baby-shower-1024x683.jpg ,https:\/\/www.christian-casari.com\/happyday\/wp-content\/uploads\/2024\/07\/baby-shower.jpg 780w, https:\/\/www.christian-casari.com\/happyday\/wp-content\/uploads\/2024\/07\/baby-shower.jpg 360w\" sizes=\"auto, (max-width: 480px) 150px\" src=\"https:\/\/www.christian-casari.com\/happyday\/wp-content\/uploads\/2024\/07\/baby-shower-1024x683.jpg\" alt=\"\" class=\"uag-image-77\" width=\"300\" height=\"683\" title=\"baby-shower\" loading=\"lazy\" role=\"img\"\/><\/figure><\/div>\n\n\n\n<div class=\"wp-block-uagb-info-box uagb-block-634b7b92 uagb-infobox__content-wrap  uagb-infobox-icon-above-title uagb-infobox-image-valign-top\"><div class=\"uagb-ifb-content\"><div class=\"uagb-ifb-title-wrap\"><h2 class=\"uagb-ifb-title\"><a href=\"https:\/\/www.christian-casari.com\/happyday\/baby-shower\/\" data-type=\"page\" data-id=\"101\">VOTRE BABY SHOWER<\/a><\/h2><\/div><p class=\"uagb-ifb-desc\">Une tradition venue d&rsquo;outre-Atlantique en plein essor en France ! F\u00eatez l&rsquo;arriv\u00e9e de votre b\u00e9b\u00e9 avec vos amis.<\/p><\/div><\/div>\n<\/div>\n<\/div><\/div>\n<\/div>\n\n\n\n<div class=\"wp-block-uagb-container uagb-block-fb32e4bf alignfull uagb-is-root-container\"><div class=\"uagb-container-inner-blocks-wrap\">\n<div class=\"wp-block-uagb-image aligncenter uagb-block-052b1f4c wp-block-uagb-image--layout-default wp-block-uagb-image--effect-static wp-block-uagb-image--align-center\"><figure class=\"wp-block-uagb-image__figure\"><img decoding=\"async\" srcset=\"https:\/\/websitedemos.net\/love-nature-08\/wp-content\/uploads\/sites\/1037\/2021\/11\/quotes.svg ,https:\/\/websitedemos.net\/love-nature-08\/wp-content\/uploads\/sites\/1037\/2021\/11\/quotes.svg 780w, https:\/\/websitedemos.net\/love-nature-08\/wp-content\/uploads\/sites\/1037\/2021\/11\/quotes.svg 360w\" sizes=\"auto, (max-width: 480px) 150px\" src=\"https:\/\/websitedemos.net\/love-nature-08\/wp-content\/uploads\/sites\/1037\/2021\/11\/quotes.svg\" alt=\"\" class=\"uag-image-117\" width=\"37\" height=\"38\" title=\"quotes\" loading=\"lazy\" role=\"img\"\/><\/figure><\/div>\n\n\n\n<div class=\"wp-block-uagb-container uagb-block-11cf5ced alignfull uagb-is-root-container\"><div class=\"uagb-container-inner-blocks-wrap\">\n<h2 class=\"wp-block-heading has-text-align-center\"><a href=\"https:\/\/www.christian-casari.com\/happyday\/contact-happyday\/\" data-type=\"page\" data-id=\"104\">CONTACT<\/a><\/h2>\n<\/div><\/div>\n\n\n\n<div class=\"wp-block-uagb-container uagb-block-8447d0ca alignfull uagb-is-root-container\"><div class=\"uagb-container-inner-blocks-wrap\">\n<p class=\"has-text-align-center\">R\u00e9servez au plus vite votre 1er RDV Conseil :<br>Il est gratuit !<\/p>\n<\/div><\/div>\n<\/div><\/div>\n\n\n\n<div class=\"wp-block-uagb-container uagb-block-6mvidjgh alignfull uagb-is-root-container\"><div class=\"uagb-container-inner-blocks-wrap\">\n<div class=\"wp-block-uagb-info-box uagb-block-d5nzwa2g uagb-infobox__content-wrap  uagb-infobox-icon-above-title uagb-infobox-image-valign-top\"><div class=\"uagb-ifb-content\"><div class=\"uagb-ifb-title-wrap\"><h2 class=\"uagb-ifb-title\">ILS ONT ADORE HAPPYDAY<\/h2><\/div><\/div><\/div>\n\n\n\n<div class=\"wp-block-uagb-container uagb-block-i62ckhoq\">\n<div class=\"wp-block-uagb-container uagb-block-txxmcbzh\">\n<div class=\"wp-block-uagb-star-rating uagb-block-c11aen12\"><div class=\"uag-star-rating\" title=\"5\/5\"><span class=\"uag-star\">\u2605<\/span><span class=\"uag-star\">\u2605<\/span><span class=\"uag-star\">\u2605<\/span><span class=\"uag-star\">\u2605<\/span><span class=\"uag-star\">\u2605<\/span><\/div><\/div>\n\n\n\n<div class=\"wp-block-uagb-info-box uagb-block-jtkegahe uagb-infobox__content-wrap  uagb-infobox-icon-above-title uagb-infobox-image-valign-top\"><div class=\"uagb-ifb-content\"><div class=\"uagb-ifb-title-wrap\"><\/div><p class=\"uagb-ifb-desc\">Exceptional service! This company goes above and beyond to meet their customers\\&rsquo; needs. I couldn\\&rsquo;t be happier with the results.<\/p><\/div><\/div>\n\n\n\n<div class=\"wp-block-uagb-info-box uagb-block-dv0emcq2 uagb-infobox__content-wrap  uagb-infobox-icon-left uagb-infobox-left uagb-infobox-image-valign-middle\"><div class=\"uagb-ifb-image-content\"><img decoding=\"async\" src=\"https:\/\/www.christian-casari.com\/happyday\/wp-content\/uploads\/2024\/07\/testimonial-skip-09.jpg\" alt=\"\" width=\"48\" height=\"48\" loading=\"lazy\"\/><\/div><div class=\"uagb-ifb-content\"><div class=\"uagb-ifb-title-wrap\"><p class=\"uagb-ifb-title\">Jordan Smith<\/p><\/div><\/div><\/div>\n<\/div>\n\n\n\n<div class=\"wp-block-uagb-container uagb-block-b32ad401\">\n<div class=\"wp-block-uagb-star-rating uagb-block-c8751bb5\"><div class=\"uag-star-rating\" title=\"5\/5\"><span class=\"uag-star\">\u2605<\/span><span class=\"uag-star\">\u2605<\/span><span class=\"uag-star\">\u2605<\/span><span class=\"uag-star\">\u2605<\/span><span class=\"uag-star\">\u2605<\/span><\/div><\/div>\n\n\n\n<div class=\"wp-block-uagb-info-box uagb-block-6454a394 uagb-infobox__content-wrap  uagb-infobox-icon-above-title uagb-infobox-image-valign-top\"><div class=\"uagb-ifb-content\"><div class=\"uagb-ifb-title-wrap\"><\/div><p class=\"uagb-ifb-desc\">Exceptional service! This company goes above and beyond to meet their customers\\&rsquo; needs. I couldn\\&rsquo;t be happier with the results.<\/p><\/div><\/div>\n\n\n\n<div class=\"wp-block-uagb-info-box uagb-block-46cc6393 uagb-infobox__content-wrap  uagb-infobox-icon-left uagb-infobox-left uagb-infobox-image-valign-middle\"><div class=\"uagb-ifb-image-content\"><img decoding=\"async\" src=\"https:\/\/www.christian-casari.com\/happyday\/wp-content\/uploads\/2024\/07\/testimonial-skip-09.jpg\" alt=\"\" width=\"48\" height=\"48\" loading=\"lazy\"\/><\/div><div class=\"uagb-ifb-content\"><div class=\"uagb-ifb-title-wrap\"><p class=\"uagb-ifb-title\">Jordan Smith<\/p><\/div><\/div><\/div>\n<\/div>\n\n\n\n<div class=\"wp-block-uagb-container uagb-block-7912088c\">\n<div class=\"wp-block-uagb-star-rating uagb-block-a2a54113\"><div class=\"uag-star-rating\" title=\"5\/5\"><span class=\"uag-star\">\u2605<\/span><span class=\"uag-star\">\u2605<\/span><span class=\"uag-star\">\u2605<\/span><span class=\"uag-star\">\u2605<\/span><span class=\"uag-star\">\u2605<\/span><\/div><\/div>\n\n\n\n<div class=\"wp-block-uagb-info-box uagb-block-25717b19 uagb-infobox__content-wrap  uagb-infobox-icon-above-title uagb-infobox-image-valign-top\"><div class=\"uagb-ifb-content\"><div class=\"uagb-ifb-title-wrap\"><\/div><p class=\"uagb-ifb-desc\">Exceptional service! This company goes above and beyond to meet their customers\\&rsquo; needs. I couldn\\&rsquo;t be happier with the results.<\/p><\/div><\/div>\n\n\n\n<div class=\"wp-block-uagb-info-box uagb-block-1b8a18c8 uagb-infobox__content-wrap  uagb-infobox-icon-left uagb-infobox-left uagb-infobox-image-valign-middle\"><div class=\"uagb-ifb-image-content\"><img decoding=\"async\" src=\"https:\/\/www.christian-casari.com\/happyday\/wp-content\/uploads\/2024\/07\/testimonial-skip-09.jpg\" alt=\"\" width=\"48\" height=\"48\" loading=\"lazy\"\/><\/div><div class=\"uagb-ifb-content\"><div class=\"uagb-ifb-title-wrap\"><p class=\"uagb-ifb-title\">Jordan Smith<\/p><\/div><\/div><\/div>\n<\/div>\n\n\n\n<div class=\"wp-block-uagb-container uagb-block-glzk10fl\">\n<div class=\"wp-block-uagb-star-rating uagb-block-d462km6f\"><div class=\"uag-star-rating\" title=\"5\/5\"><span class=\"uag-star\">\u2605<\/span><span class=\"uag-star\">\u2605<\/span><span class=\"uag-star\">\u2605<\/span><span class=\"uag-star\">\u2605<\/span><span class=\"uag-star\">\u2605<\/span><\/div><\/div>\n\n\n\n<div class=\"wp-block-uagb-info-box uagb-block-b5ieaiw0 uagb-infobox__content-wrap  uagb-infobox-icon-above-title uagb-infobox-image-valign-top\"><div class=\"uagb-ifb-content\"><div class=\"uagb-ifb-title-wrap\"><\/div><p class=\"uagb-ifb-desc\">Outstanding quality and professionalism. I\\&rsquo;ve been a loyal customer for years and have never been disappointed.<\/p><\/div><\/div>\n\n\n\n<div class=\"wp-block-uagb-info-box uagb-block-fdtwr0eq uagb-infobox__content-wrap  uagb-infobox-icon-left uagb-infobox-left uagb-infobox-image-valign-middle\"><div class=\"uagb-ifb-image-content\"><img decoding=\"async\" src=\"https:\/\/www.christian-casari.com\/happyday\/wp-content\/uploads\/2024\/07\/testimonial-skip-13.jpg\" alt=\"\" width=\"48\" height=\"48\" loading=\"lazy\"\/><\/div><div class=\"uagb-ifb-content\"><div class=\"uagb-ifb-title-wrap\"><p class=\"uagb-ifb-title\">Taylor Johnson<\/p><\/div><\/div><\/div>\n<\/div>\n<\/div>\n<\/div><\/div>\n\n\n\n<div class=\"wp-block-uagb-container uagb-block-6swdoy5d alignfull uagb-is-root-container\"><div class=\"uagb-container-inner-blocks-wrap\">\n<div class=\"wp-block-uagb-info-box uagb-block-xmjaincs uagb-infobox__content-wrap  uagb-infobox-icon-above-title uagb-infobox-image-valign-top\"><div class=\"uagb-ifb-content\"><div class=\"uagb-ifb-title-wrap\"><h2 class=\"uagb-ifb-title\">NOS COORDONNEES<\/h2><\/div><\/div><\/div>\n\n\n\n<div class=\"wp-block-uagb-container uagb-block-s0qbd9gq\">\n<div class=\"wp-block-uagb-container uagb-block-jcdcivit\">\n<div class=\"wp-block-uagb-info-box uagb-block-kyzs7ypp uagb-infobox__content-wrap  uagb-infobox-icon-left uagb-infobox-left uagb-infobox-stacked-tablet uagb-infobox-image-valign-top\"><div class=\"uagb-ifb-icon-wrap\"><div class=\"uagb-iconbox-icon-wrap uagb-infobox-shape-circle\"><svg xmlns=\"https:\/\/www.w3.org\/2000\/svg\" viewBox=\"0 0 512 512\"><path d=\"M511.2 387l-23.25 100.8c-3.266 14.25-15.79 24.22-30.46 24.22C205.2 512 0 306.8 0 54.5c0-14.66 9.969-27.2 24.22-30.45l100.8-23.25C139.7-2.602 154.7 5.018 160.8 18.92l46.52 108.5c5.438 12.78 1.77 27.67-8.98 36.45L144.5 207.1c33.98 69.22 90.26 125.5 159.5 159.5l44.08-53.8c8.688-10.78 23.69-14.51 36.47-8.975l108.5 46.51C506.1 357.2 514.6 372.4 511.2 387z\"><\/path><\/svg><\/div><\/div><div class=\"uagb-ifb-content\"><div class=\"uagb-ifb-title-wrap\"><p class=\"uagb-ifb-title\">Phone<\/p><\/div><p class=\"uagb-ifb-desc\">03.25.xx.xx.xx<\/p><\/div><\/div>\n<\/div>\n\n\n\n<div class=\"wp-block-uagb-container uagb-block-ixy1lypy\">\n<div class=\"wp-block-uagb-info-box uagb-block-gftcmz5o uagb-infobox__content-wrap  uagb-infobox-icon-left uagb-infobox-left uagb-infobox-stacked-tablet uagb-infobox-image-valign-top\"><div class=\"uagb-ifb-icon-wrap\"><div class=\"uagb-iconbox-icon-wrap uagb-infobox-shape-circle\"><svg xmlns=\"https:\/\/www.w3.org\/2000\/svg\" viewBox=\"0 0 512 512\"><path d=\"M464 64C490.5 64 512 85.49 512 112C512 127.1 504.9 141.3 492.8 150.4L275.2 313.6C263.8 322.1 248.2 322.1 236.8 313.6L19.2 150.4C7.113 141.3 0 127.1 0 112C0 85.49 21.49 64 48 64H464zM217.6 339.2C240.4 356.3 271.6 356.3 294.4 339.2L512 176V384C512 419.3 483.3 448 448 448H64C28.65 448 0 419.3 0 384V176L217.6 339.2z\"><\/path><\/svg><\/div><\/div><div class=\"uagb-ifb-content\"><div class=\"uagb-ifb-title-wrap\"><p class=\"uagb-ifb-title\">Email<\/p><\/div><p class=\"uagb-ifb-desc\">contact@happyday.fr<\/p><\/div><\/div>\n<\/div>\n\n\n\n<div class=\"wp-block-uagb-container uagb-block-3ddpepjq\">\n<div class=\"wp-block-uagb-info-box uagb-block-w2o9qn4t uagb-infobox__content-wrap  uagb-infobox-icon-left uagb-infobox-left uagb-infobox-stacked-tablet uagb-infobox-image-valign-top\"><div class=\"uagb-ifb-icon-wrap\"><div class=\"uagb-iconbox-icon-wrap uagb-infobox-shape-circle\"><svg xmlns=\"https:\/\/www.w3.org\/2000\/svg\" viewBox=\"0 0 384 512\"><path d=\"M168.3 499.2C116.1 435 0 279.4 0 192C0 85.96 85.96 0 192 0C298 0 384 85.96 384 192C384 279.4 267 435 215.7 499.2C203.4 514.5 180.6 514.5 168.3 499.2H168.3zM192 256C227.3 256 256 227.3 256 192C256 156.7 227.3 128 192 128C156.7 128 128 156.7 128 192C128 227.3 156.7 256 192 256z\"><\/path><\/svg><\/div><\/div><div class=\"uagb-ifb-content\"><div class=\"uagb-ifb-title-wrap\"><p class=\"uagb-ifb-title\">Address<\/p><\/div><p class=\"uagb-ifb-desc\">12 avenue des Lombards<br>10000 TROYES<\/p><\/div><\/div>\n<\/div>\n<\/div>\n\n\n\t\t\t<div \n\t\t\tclass=\"wp-block-uagb-google-map uagb-google-map__wrap uagb-block-kxl0q9ma     \"\n\t\t\tstyle=\"\" >\n\t\t\t\t<embed\n\t\t\t\t\tclass=\"uagb-google-map__iframe\"\n\t\t\t\t\ttitle=\"Google Map for \"\n\t\t\t\t\tsrc=\"https:\/\/maps.google.com\/maps?q=12%20avenue%20des%20Lombards%2010000%20Troyes&#038;z=12&#038;hl=en&#038;t=m&#038;output=embed&#038;iwloc=near\"\n\t\t\t\t\twidth=\"640\"\n\t\t\t\t\theight=\"350\"\n\t\t\t\t\tloading=\"lazy\"\n\t\t\t\t><\/embed>\n\t\t\t<\/div>\n\t\t\t<\/div><\/div>\n\n\n\n<p><\/p>\n","protected":false},"excerpt":{"rendered":"<p>Nous organisons le plus beau jour de votre vie A propos de HAPPYDAY&#8230; HAPPYDAY a \u00e9t\u00e9 fond\u00e9e en 2008 par [&hellip;]<\/p>\n","protected":false},"author":1,"featured_media":0,"parent":0,"menu_order":0,"comment_status":"closed","ping_status":"closed","template":"","meta":{"_uag_custom_page_level_css":"","site-sidebar-layout":"default","site-content-layout":"","ast-site-content-layout":"","site-content-style":"default","site-sidebar-style":"default","ast-global-header-display":"","ast-banner-title-visibility":"","ast-main-header-display":"","ast-hfb-above-header-display":"","ast-hfb-below-header-display":"","ast-hfb-mobile-header-display":"","site-post-title":"","ast-breadcrumbs-content":"","ast-featured-img":"","footer-sml-layout":"","theme-transparent-header-meta":"","adv-header-id-meta":"","stick-header-meta":"","header-above-stick-meta":"","header-main-stick-meta":"","header-below-stick-meta":"","astra-migrate-meta-layouts":"default","ast-page-background-enabled":"default","ast-page-background-meta":{"desktop":{"background-color":"var(--ast-global-color-4)","background-image":"","background-repeat":"repeat","background-position":"center center","background-size":"auto","background-attachment":"scroll","background-type":"","background-media":"","overlay-type":"","overlay-color":"","overlay-opacity":"","overlay-gradient":""},"tablet":{"background-color":"","background-image":"","background-repeat":"repeat","background-position":"center center","background-size":"auto","background-attachment":"scroll","background-type":"","background-media":"","overlay-type":"","overlay-color":"","overlay-opacity":"","overlay-gradient":""},"mobile":{"background-color":"","background-image":"","background-repeat":"repeat","background-position":"center center","background-size":"auto","background-attachment":"scroll","background-type":"","background-media":"","overlay-type":"","overlay-color":"","overlay-opacity":"","overlay-gradient":""}},"ast-content-background-meta":{"desktop":{"background-color":"var(--ast-global-color-5)","background-image":"","background-repeat":"repeat","background-position":"center center","background-size":"auto","background-attachment":"scroll","background-type":"","background-media":"","overlay-type":"","overlay-color":"","overlay-opacity":"","overlay-gradient":""},"tablet":{"background-color":"var(--ast-global-color-5)","background-image":"","background-repeat":"repeat","background-position":"center center","background-size":"auto","background-attachment":"scroll","background-type":"","background-media":"","overlay-type":"","overlay-color":"","overlay-opacity":"","overlay-gradient":""},"mobile":{"background-color":"var(--ast-global-color-5)","background-image":"","background-repeat":"repeat","background-position":"center center","background-size":"auto","background-attachment":"scroll","background-type":"","background-media":"","overlay-type":"","overlay-color":"","overlay-opacity":"","overlay-gradient":""}},"footnotes":""},"class_list":["post-62","page","type-page","status-publish","hentry"],"uagb_featured_image_src":{"full":false,"thumbnail":false,"medium":false,"medium_large":false,"large":false,"1536x1536":false,"2048x2048":false},"uagb_author_info":{"display_name":"christianWordpress02","author_link":"https:\/\/www.christian-casari.com\/happyday\/author\/christianwordpress02\/"},"uagb_comment_info":0,"uagb_excerpt":"Nous organisons le plus beau jour de votre vie A propos de HAPPYDAY&#8230; HAPPYDAY a \u00e9t\u00e9 fond\u00e9e en 2008 par [&hellip;]","_links":{"self":[{"href":"https:\/\/www.christian-casari.com\/happyday\/wp-json\/wp\/v2\/pages\/62","targetHints":{"allow":["GET"]}}],"collection":[{"href":"https:\/\/www.christian-casari.com\/happyday\/wp-json\/wp\/v2\/pages"}],"about":[{"href":"https:\/\/www.christian-casari.com\/happyday\/wp-json\/wp\/v2\/types\/page"}],"author":[{"embeddable":true,"href":"https:\/\/www.christian-casari.com\/happyday\/wp-json\/wp\/v2\/users\/1"}],"replies":[{"embeddable":true,"href":"https:\/\/www.christian-casari.com\/happyday\/wp-json\/wp\/v2\/comments?post=62"}],"version-history":[{"count":19,"href":"https:\/\/www.christian-casari.com\/happyday\/wp-json\/wp\/v2\/pages\/62\/revisions"}],"predecessor-version":[{"id":145,"href":"https:\/\/www.christian-casari.com\/happyday\/wp-json\/wp\/v2\/pages\/62\/revisions\/145"}],"wp:attachment":[{"href":"https:\/\/www.christian-casari.com\/happyday\/wp-json\/wp\/v2\/media?parent=62"}],"curies":[{"name":"wp","href":"https:\/\/api.w.org\/{rel}","templated":true}]}}